me factors of ((-2)/x)/((-2)/70)?
2, 7
Suppose 4598 = 49*r - 38*r. What are the prime factors of r?
2, 11, 19
Let m = 0 - 6. Let f = -4 - m. List the prime factors of 2 + 1 + f/(-2).
2
Let f be (18/(-15))/(2/(-5)). Suppose -22 = -f*n + 5*a, a = 5*n - 3*n - 10. List the prime factors of n.
2
Let m(k) = 2*k**2 + 3*k + 13. What are the prime factors of m(8)?
3, 5, 11
Let l(j) = -3*j**3 + 2*j**2 + j - 1. List the prime factors of l(-2).
29
Suppose -3*z - 33 = 177. What are the prime factors of (6/15)/((-2)/z)?
2, 7
Let h = -34 - -20. Let j = -6 + h. List the prime factors of 5/j + (-13)/(-4).
3
Let l(h) = -12*h**3 - 3*h**2 - 3*h - 3. What are the prime factors of l(-2)?
3, 29
Suppose 4*w - 172 = -4*k - 44, -3*k = 4*w - 95. What are the prime factors of k?
3, 11
Let u = 498 + -352. List the prime factors of u.
2, 73
Let p = -25 - -107. Let t be p/10 - (-1)/(-5). Let b(d) = d - 5. List the prime factors of b(t).
3
What are the prime factors of ((-149)/(1/(-1)))/(1/1)?
149
Let a(v) = 3*v**2 - 1. Let w be a(1). Suppose -6 + w = -x. Suppose -3*f = -6*f - b + 56, -f = -x*b + 3. What are the prime factors of f?
17
Let o be 2/(-4) - 91/(-2). Suppose 5 = 5*k - o. What are the prime factors of k?
2, 5
Suppose 7*c - 4*c - 108 = 0. Suppose -2*q - 3*f = -c, 5*q + 4*f = 5*f + 73. List the prime factors of q.
3, 5
Let g(z) = -z**2 - z. Let i(f) be the first derivative of 2*f**3/3 + 7*f**2/2 + 2*f - 1. Let x(j) = -g(j) - i(j). List the prime factors of x(-3).
7
Let c be 2/(144/(-69) - -2). Let f be c/(-3) - 1/(-3). Suppose -4*q + 39 = p, 2*p - 45 = 3*q - f*q. What are the prime factors of q?
11
Suppose -31 = 4*b + 3*m + 17, 4*b - 2*m + 28 = 0. Let j = b - -30. List the prime factors of j.
3, 7
Let d = -3 - 1. Let r be (3/(-2))/(d/8). Suppose -r*x - x + 28 = 0. List the prime factors of x.
7
Let h be -2*3/2*-1. Let c(g) = -g**3 + g**2 + 5*g - 2. Let x be c(h). Let r(t) = -3*t + 4. List the prime factors of r(x).
19
Let k(d) = -69*d + 3. List the prime factors of k(-1).
2, 3
Let y(i) be the second derivative of -3*i**3/2 + i**2/2 + 3*i. What are the prime factors of y(-1)?
2, 5
Suppose -13*f + 754 = -4004. What are the prime factors of f?
2, 3, 61
List the prime factors of (1 + 41)*(-138)/(-161).
2, 3
Suppose 0 = -4*v - 3 + 23. Let j(t) = t - 2. What are the prime factors of j(v)?
3
Let y(h) = 11*h**2 + 24*h - 13. What are the prime factors of y(-6)?
239
List the prime factors of 24/(-42) - (-291)/7.
41
Suppose 5*y - 31 = -236. Let p = y - -76. List the prime factors of p.
5, 7
What are the prime factors of 2540/25 + 6/15 + 1?
103
Let g = -18 + 47. Let h be ((-46)/4 + 0)*-2. Suppose 4*c - h = g. What are the prime factors of c?
13
Suppose q + 5 - 22 = 0. What are the prime factors of q?
17
Let o(v) = v**3 + 8*v**2 - 9*v + 8. Let w be o(-9). Suppose 5*c + w = 4*b - 0, 0 = 4*c. List the prime factors of b/2 - (-6)/3.
3
Let j(a) = a**3 - 5*a**2 + 7*a - 6. Let o be j(4). Let n = 18 - o. What are the prime factors of n?
2, 3
Let c be (-2 + 0)*-1 + 1. Suppose -c*k = -k + 2. What are the prime factors of (-2)/((-34)/(-38) + k)?
19
Let g be (-8)/44 - (-114)/22. Suppose 2*u - 3*u = 3*q + 25, -g*u - 13 = q. List the prime factors of 0 - -2 - 2 - q.
2
Let l(p) = -p**3 - 5*p**2 - p - 7. Let s be l(-6). Suppose -2*t + s = -5. Suppose 5*c - 30 - t = 0. What are the prime factors of c?
2, 5
Suppose 90 = -2*m + 7*m. What are the prime factors of m?
2, 3
Suppose -4*v + 39 = -369. What are the prime factors of v?
2, 3, 17
Let n(j) = -11*j**3 + 16*j**2 + 3*j + 19. Let w(d) = -5*d**3 + 8*d**2 + 2*d + 9. Let v(a) = 6*n(a) - 13*w(a). List the prime factors of v(-7).
2
Let u = -13 + 26. Let a = 24 - u. What are the prime factors of a?
11
Suppose 7*h - 8*h = -5. Suppose 4*w + h*a = 10, 4*a = -3*w + a + 6. Suppose -2*i + 3*v + 5 = w, 0 = 4*i + 4*v - 11 - 49. List the prime factors of i.
2, 5
Suppose w - 4*y = 291, -2*w - w = 5*y - 924. What are the prime factors of w?
3, 101
Let d(g) = -g**2 + 11*g - 5. List the prime factors of d(9).
13
Let n(j) = 9*j - 1. Suppose 4 = 2*m - 2. List the prime factors of n(m).
2, 13
Suppose 7 + 62 = p + 4*l, -234 = -4*p - 2*l. What are the prime factors of p?
3, 19
Let j = -4 + 8. Suppose -6*p = -5*p - 8. Suppose -2*t - 14 = -5*a + p, 0 = 4*a + j*t - 40. List the prime factors of a.
2, 3
Let d(l) = -3*l - 7. Let s = 13 + 7. Suppose 4*g - 8*g = s. List the prime factors of d(g).
2
Let k(w) = -9*w + 17*w - w**3 + 3 + 0*w + 2*w**2. List the prime factors of k(-3).
2, 3
Suppose 0*d = -d - 1, 5*n + 5*d - 10 = 0. Suppose 0 = 3*b + 4*y - 66, n*y = -5*b - 0*b + 99. What are the prime factors of b?
2, 3
Let a be 1 + -2 + (-3 - -2). Let o be (-1 - a)/(2/(-58)). Let x = -15 - o. What are the prime factors of x?
2, 7
List the prime factors of 4/(8/34) - 1.
2
Let y(s) = -s - 7. Let i(t) = 2*t + 8. Let r(o) = 5*i(o) + 6*y(o). Let u be r(3). Suppose z - u = -2. List the prime factors of z.
2
Suppose -1 = -4*i + 3. Let w = 11 + -6. Suppose -3*c + w = -i. List the prime factors of c.
2
Let o = 228 - 140. List the prime factors of o.
2, 11
Suppose -4*h - 47 = -b - 180, -53 = -2*h + 5*b. List the prime factors of h.
2, 17
Suppose 5*w = 3*v - 17, -5*v - 4*w + 7 = 28. Let c(s) = s**2 + 4*s - 3. Let p be c(-6). Let x = p + v. List the prime factors of x.
2
Let x(s) = s + 2*s + 0 + 0*s - 3. List the prime factors of x(5).
2, 3
Let v = 206 + 49. What are the prime factors of v?
3, 5, 17
Let w = -182 + 330. List the prime factors of w.
2, 37
Let h(m) = 2*m**3 - 3*m**2 - m - 3. Suppose 16 = 5*g + 1. What are the prime factors of h(g)?
3, 7
Let p be 0 - -2 - (-2 + -2). What are the prime factors of ((-104)/12)/(p/(-27))?
3, 13
Let i = -71 - -138. List the prime factors of i.
67
Let t(j) = 3*j**3 - 26*j**2 + 5*j - 8. What are the prime factors of t(9)?
2, 59
Suppose 0 = 2*k + p - 72, -2*p - 174 = -5*k - 6*p. List the prime factors of k.
2, 19
Let w(f) = -4*f - 5. Let q be w(-4). Suppose 0 = 2*z - 6 + 2. Suppose q = z*l - l. What are the prime factors of l?
11
Suppose 0 = -3*d - 2*d + 30. Suppose -d*a + 208 = 34. What are the prime factors of a?
29
Suppose 27 = 4*m - v + 8, -m + 9 = 4*v. List the prime factors of m.
5
Let t be (0 - 5)/(1 + -2). Suppose r = 5*l + 4*r - 22, 18 = -l + t*r. What are the prime factors of l?
2
Let x = -2 + 1. What are the prime factors of (6*x)/(-2)*3?
3
Let j be (-36)/(-12) + 1*-4. Let h = -11 - -7. What are the prime factors of h/j - (0 + 0)?
2
Suppose 0 = t - 2*t + 88. Suppose t = 4*m - 4*s, 4*m = s + 26 + 56. Suppose 0 = -7*c + 2*c + j + m, 3*j = 5*c - 20. What are the prime factors of c?
2
Let c be 2*(-2)/(-1 - 1). Suppose c*j - 8 = -0*j. List the prime factors of j.
2
Let s(q) = q**3 - 5*q**2 + 7*q + 6. List the prime factors of s(7).
3, 17
What are the prime factors of (-98)/4*(-252)/49?
2, 3, 7
Let t = 29 - -23. List the prime factors of t.
2, 13
Let n(i) be the second derivative of i**4/4 + i**2 + 4*i. List the prime factors of n(2).
2, 7
Let f be ((-11)/(-2))/(3/12). Suppose 80 = 6*u - 154. Let i = u - f. What are the prime factors of i?
17
Let n = -16 - -9. Let g = n - -13. List the prime factors of g.
2, 3
Suppose -u + 22 = 5*n, -2*u - 10 = u - 4*n. Suppose 0 = -g + u*a + 10, a - 6 = -a. List the prime factors of g.
2
Suppose -10*h = -7*h - 138. What are the prime factors of h?
2, 23
Let h(f) = -10*f + 3. Let y be h(-4). Let l = y - 15. Suppose -z - l = -5*z. List the prime factors of z.
7
Suppose -29 = -3*r - 4*z, -3*z - 27 - 9 = -3*r. Suppose 3*a - 4 = r. List the prime factors of a.
5
Let d be (6/(-9))/((-4)/54). Suppose 0 = d*t - 7*t - 8. What are the prime factors of t?
2
Suppose 2*k = -3*b + k + 260, -5*b - 3*k = -440. What are the prime factors of (-7)/28 + b/4?
3, 7
Suppose 0 = -4*w + 217 - 5. Let i = w - 30. What are the prime factors of i?
23
List the prime factors of (-19)/(-5) + 2/10.
2
Let x(k) = -k**2 + 6*k - 2. Let d be x(4). Let f = -25 - -35. Let q = f - d. What are the prime factors of q?
2
Suppose 0 = 4*y + h - 178, 0 = -5*y + 5*h + 316 - 81. Suppose 0 = -4*l + y + 15. List the prime factors of l.
3, 5
Let c(b) = -80*b - 3. List the prime factors of c(-1).
7, 11
Suppose 38 - 206 = -3*r. List the prime factors of r.
2, 7
Let d = -304 - -630. List the prime factors of d.
2, 163
List the prime factors of 106/(2/(4 - 2)).
2, 5